ns digit of x(-13)?
7
Suppose 2*d - 4*c = -10, -4*c = -6*c + 6. What is the units digit of (15/2)/(d*3/6)?
5
Suppose -80 = -3*d + 5*d. Let f be (-41)/(-13) - d/(-260). What is the units digit of (0 - f)*520/(-24)?
5
Suppose -2*t = -4*t + 26. Let o = t + -15. Let r(g) = -3*g**3 - 2*g**2 - 3*g. What is the tens digit of r(o)?
2
Let f(k) = k**3 + 14*k**2 - 22*k - 4. Let m be f(-15). Let w = -60 + m. What is the units digit of w?
1
Suppose 0 = -2*r - x + 8, 0 = -4*r + 5*x - 1 + 17. What is the units digit of 16 + r/2 + -5?
3
What is the hundreds digit of 70/(10 + -20) - -761?
7
Let p(b) = 25*b**2 - 5*b - b**3 - 8*b**2 - b**2 + 0*b**2 + 6. What is the units digit of p(15)?
6
What is the units digit of 576/(-160)*295/(-2)?
1
Let x = -47 + 145. Let l = x + -56. What is the units digit of l?
2
Let q be (2/(-4))/(12/(-4464)). Suppose 7*i = 4*i + 2*h + q, -i + 5*h = -75. What is the tens digit of i?
6
Let t = 575 - 310. Suppose -b - 2*o + 0*o + t = 0, 4*b = 3*o + 1104. What is the hundreds digit of b?
2
Let s = 1 + 2. Suppose 0 = u - c + 2 - s, -u - 4*c + 6 = 0. Suppose 4*q - 5 = 5*p - 0, 4*q - u*p - 14 = 0. What is the units digit of q?
5
Let b(w) = 6*w + 13. Let m be b(6). Suppose 6 - m = -x. What is the tens digit of x?
4
Suppose -24*g + 54892 + 9380 = 0. What is the hundreds digit of g?
6
Suppose m = -3 - 0, r - 47 = m. What is the tens digit of r/(-11) - 30/(-1)?
2
Suppose 0 = 3*t - 2 + 26. Let j = 13 + t. Let k(i) = i**2 + i + 1. What is the units digit of k(j)?
1
What is the hundreds digit of 201*5/(120/88)?
7
Suppose 0 = -2*n - 2*g - 0*g - 8, -3*g - 4 = n. Let l be 3/n + (-369)/(-12). What is the units digit of (-10)/l*(-3)/1?
1
Let u = 36 - -199. What is the tens digit of u?
3
What is the tens digit of ((-120)/(-32) + -4)*-10952?
3
Let b(i) = 186*i - 17. What is the tens digit of b(4)?
2
Let c(f) be the first derivative of 7/2*f**2 - 1/3*f**3 - 4*f - 3. What is the units digit of c(5)?
6
Let a = -1027 - -1442. What is the hundreds digit of a?
4
Suppose -3*l + 345 = 3*a, -a - 411 = -3*l - 78. Let r = -54 + l. What is the tens digit of r?
5
Let a(t) = 98*t**2 - 6*t + 47. What is the units digit of a(7)?
7
Let k(j) = -2*j**3 + 11*j**2 + 3*j - 8. What is the units digit of k(5)?
2
Suppose 3*r + z = 1808, 4*z - 318 = 2*r - 1514. What is the hundreds digit of r?
6
Suppose -4*j + 52 = -0*j. Let p = 13 - j. Suppose 3*c = p, -3*g - c + 24 = 4*c. What is the units digit of g?
8
Let k(g) = g**3 - 5*g**2 + g. Let b be k(5). Suppose 0 = b*m - 3*z - 33, z + 4*z = -5. Let v = 35 + m. What is the units digit of v?
1
Let v be (66 - 2) + ((-2)/(-1))/2. Let c = 243 - v. What is the units digit of c?
8
What is the tens digit of (-690 + 14)/(-7 + 6)?
7
Let l = 194 + -56. What is the units digit of l?
8
Suppose -61*a = -70*a + 22275. What is the units digit of a?
5
Suppose 5*t = -0*t + 190. Suppose -4*u - 43 = -o + t, 0 = -3*u - 9. What is the units digit of o?
9
Let d be (-52)/(-14) + 4/14. Let q = 431 + -396. Suppose 11 = -d*j + q. What is the units digit of j?
6
Let i(f) = -9*f**3 + f. Let y = -47 - -32. Let d = y - -14. What is the units digit of i(d)?
8
Let b(x) = -x**3 + 7*x**2 - x + 20. Suppose 5*t - 26 = 9. What is the tens digit of b(t)?
1
Let c be (-3 - -2)*6*7. Let i = c + 58. What is the tens digit of i?
1
Let j = -1890 - -2930. Suppose -4*v + 4*g = -j, -2*v - g = -4*v + 515. What is the tens digit of v?
5
Let h = 18 + -2. Suppose 0 = -2*g - l + h, -8 = 4*l - 0*l. Suppose -f + g = -16. What is the units digit of f?
5
Let g(k) = 21*k**2 - 8 + 29 - 7 - 8 + 6*k. What is the units digit of g(-3)?
7
Suppose 3*u = q - 2236, 5*q - 3*q = 4*u + 2984. What is the tens digit of 12/66 + u/(-22)?
3
Suppose -131*w + 136*w - 4920 = 0. What is the units digit of w?
4
Let s(z) = -3349*z**3 - z**2 + 7*z + 8. What is the tens digit of s(-1)?
4
Let s = 2213 - 1264. What is the tens digit of s?
4
Let l = -4 - 190. Let i = -12 - l. What is the hundreds digit of i?
1
Suppose r + 2*r = 9, 3*f - 84 = -5*r. Let c = f - 15. What is the units digit of c?
8
Let g = 370 + -65. Suppose -4*p + g = p. Suppose 5*s - 2*h - p - 81 = 0, -s = 4*h - 24. What is the tens digit of s?
2
Let q be 2/4*(17 - 21). What is the tens digit of 2/(q*3/(-39))?
1
Let k = 5728 - 3070. What is the units digit of k?
8
Let m(u) be the second derivative of 9*u**5/20 + u**4/6 - u**3/6 + u**2 - 25*u. What is the units digit of m(2)?
0
Let i = -23 + 29. Let u(g) = -g**2 - g. Let m(z) = 5*z**2 - 7*z - 3. Let w(v) = i*u(v) + m(v). What is the units digit of w(-7)?
9
Suppose 5*r = 0, -15 + 75 = 4*x + 2*r. Suppose 5 = -2*l + x. Suppose 0*g + 2*m - 77 = -l*g, 0 = 5*g - m - 74. What is the units digit of g?
5
Let l(h) be the third derivative of -h**6/120 - h**5/20 - h**4/24 + h**3/3 + 7*h**2. Let c be l(-2). What is the units digit of 0 + (-4 - -50) + c?
6
Suppose -3 = -7*w + 11. Suppose g = -w*d + 75, 2*g + 3*g = -5*d + 175. What is the tens digit of d?
4
Let w = -121 - -108. Let b = 191 + w. What is the hundreds digit of b?
1
Let f(d) = 2*d + 37. Let a be f(-17). Suppose 0 = -a*s + 2 + 10. What is the units digit of s?
4
Let z = 62 + -65. What is the units digit of ((-61)/2)/(z/6)?
1
Let u = 122 + -578. Let n = u + 730. What is the units digit of n?
4
Let t = 15 + -24. Let h = -2 + t. Let y = h + 57. What is the tens digit of y?
4
Suppose -8 + 13 = -5*r. Suppose -2*l + 7 + 9 = 0. Let z = l + r. What is the units digit of z?
7
Let q be 9/6 - 45/(-10). Suppose 91 - 25 = q*j. What is the units digit of j?
1
Let v be ((-3)/2 - 1)*24/(-20). Suppose -2*d - 7*f + 278 = -2*f, v*f = 2*d - 262. What is the hundreds digit of d?
1
Let u = -58 + 30. Let j = u + 89. What is the units digit of j?
1
Let j = -729 + 1665. What is the tens digit of j?
3
Let g(z) = 34*z**2 - 2*z + 1. Let j(v) = -2*v + 1. Let p be j(-2). Suppose -5*b - p*l = -15, -4*b + 7 = 5*l - 7. What is the tens digit of g(b)?
3
Let i = 349 - 227. What is the hundreds digit of i?
1
Suppose 5*j = j - 12, -4*j + 3 = 5*c. What is the tens digit of (c/(-9))/(7/(-2877))?
3
Let a be 5/3*(5 - -13). Let m = 21 - a. Let f(s) = -s + 1. What is the tens digit of f(m)?
1
Let c = 5 + -5. Suppose c = -2*z - 2*z + 580. What is the units digit of z?
5
Let x = 13 + -32. Let v = 31 + x. Let y = v + -3. What is the units digit of y?
9
Suppose 9*r - 110 = 4*r. Suppose 0 = 5*p - 3*k - r, -p + k + 4 + 2 = 0. What is the units digit of p?
2
Suppose 12*m = 6*m + 36. Suppose 0 = -9*h + m*h + 567. What is the units digit of h?
9
Let f be 1/(1/2*(-4)/(-8)). What is the tens digit of (-2023)/(-21) - f/3?
9
Suppose 5*h + 7*g = 4*g + 527, -2*h + g + 213 = 0. What is the hundreds digit of h?
1
What is the thousands digit of 4152*(-690)/(-1215) - (-4)/54?
2
Suppose 14*x + 10 = 19*x. Suppose x*y = -r + 64, 3*y = -3 - 6. What is the units digit of r?
0
Suppose 0*a - 5*j - 1978 = -2*a, -3956 = -4*a + 4*j. Suppose a + 177 = 11*b. What is the tens digit of b?
0
Let s be 66/(-11)*(-27)/2. Suppose y + 42 = 2*n, 5*y + 3*n + 356 = s. What is the units digit of (247/y)/(2/(-8))?
9
Suppose h - 4*h = -5*d - 24, -3*h - 6 = 5*d. What is the tens digit of 2/6 + 110/h?
3
Suppose 4*w = 3*t + 6 - 23, -3*w + t - 9 = 0. What is the units digit of w/(-3) + 910/21?
4
Let c(p) = 2*p**2 - p. Let n be c(-1). Let y = 78 + -45. Suppose -3*i - 10 = n*v - 31, -5*v - 4*i = -y. What is the units digit of v?
5
Let c(u) = -5*u - 9. Let w(d) = -5*d - 2 - d**2 + d + 6. Let t be w(-6). What is the units digit of c(t)?
1
Suppose 12*d + 177 = 1209. Let s = 45 + d. What is the tens digit of s?
3
Suppose -28121 = -47*w + 18409. What is the hundreds digit of w?
9
Let u(q) = 56*q - 1. Let j be u(-3). What is the units digit of j*(4 + -1 + -4)?
9
Suppose 12003 = 15*c + 1923. What is the tens digit of c?
7
Let q(g) = -5*g - 3. Let i be q(-2). Suppose 10 = 4*z - 22. Suppose z*j - 9 = i*j. What is the units digit of j?
9
Suppose -3*f = 2*f - q - 194, -4*f + 157 = q. Let d = f - -25. What is the tens digit of d?
6
Let g(f) = 6 + 3*f - 3*f - f + 1. What is the units digit of g(-10)?
7
Suppose -32 = 5*i + 148. Let w = 0 - i. What is the units digit of w?
6
Suppose -5*d - d + 228 = 0. Let f = d + -25. What is the units digit of f?
3
Suppose 4*q - 504 = -2*l, -2*l + 3*q = 2*l - 1041. Suppose -5*k = -2*k - l. What is the units digit of k?
6
Let 